{"id":63,"date":"2023-06-02T11:25:21","date_gmt":"2023-06-02T09:25:21","guid":{"rendered":"https:\/\/www.festivox.fr\/blog\/?page_id=63"},"modified":"2023-06-02T11:26:33","modified_gmt":"2023-06-02T09:26:33","slug":"festival-jazz-et-musique-en-mode-guinguette","status":"publish","type":"page","link":"https:\/\/www.festivox.fr\/blog\/festival-jazz-et-musique-en-mode-guinguette\/","title":{"rendered":"Festival Jazz et musique en mode guinguette"},"content":{"rendered":"<p><img loading=\"lazy\" decoding=\"async\" src=\"https:\/\/www.festivox.fr\/blog\/wp-content\/uploads\/2023\/06\/Festival-Jazz-et-musique-en-mode-guinguette-300x169.jpg\" alt=\"festivox.fr Photo de la page Festival Jazz et musique en mode guinguette \" width=\"300\" height=\"169\" class=\"alignnone size-medium wp-image-67\" srcset=\"https:\/\/www.festivox.fr\/blog\/wp-content\/uploads\/2023\/06\/Festival-Jazz-et-musique-en-mode-guinguette-300x169.jpg 300w, https:\/\/www.festivox.fr\/blog\/wp-content\/uploads\/2023\/06\/Festival-Jazz-et-musique-en-mode-guinguette.jpg 610w\" sizes=\"auto, (max-width: 300px) 100vw, 300px\" \/> <\/p>\n","protected":false},"excerpt":{"rendered":"","protected":false},"author":1,"featured_media":65,"parent":0,"menu_order":0,"comment_status":"closed","ping_status":"closed","template":"","meta":{"footnotes":""},"class_list":["post-63","page","type-page","status-publish","has-post-thumbnail","hentry"],"yoast_head":"<!-- This site is optimized with the Yoast SEO plugin v27.5 - https:\/\/yoast.com\/product\/yoast-seo-wordpress\/ -->\n<title>Festival Jazz et musique en mode guinguette - FESTIVOX<\/title>\n<meta name=\"description\" content=\"Festival Jazz et musique en mode guinguette, est un domaine bien particulier auquel ce site est consacr\u00e9, et des d\u00e9veloppements, des actus et des \u00e9l\u00e9ments historiques.\" \/>\n<meta name=\"robots\" content=\"index, follow, max-snippet:-1, max-image-preview:large, max-video-preview:-1\" \/>\n<link rel=\"canonical\" href=\"https:\/\/www.festivox.fr\/blog\/festival-jazz-et-musique-en-mode-guinguette\/\" \/>\n<meta property=\"og:locale\" content=\"fr_FR\" \/>\n<meta property=\"og:type\" content=\"article\" \/>\n<meta property=\"og:title\" content=\"Festival Jazz et musique en mode guinguette - FESTIVOX\" \/>\n<meta property=\"og:description\" content=\"Festival Jazz et musique en mode guinguette, est un domaine bien particulier auquel ce site est consacr\u00e9, et des d\u00e9veloppements, des actus et des \u00e9l\u00e9ments historiques.\" \/>\n<meta property=\"og:url\" content=\"https:\/\/www.festivox.fr\/blog\/festival-jazz-et-musique-en-mode-guinguette\/\" \/>\n<meta property=\"og:site_name\" content=\"FESTIVOX\" \/>\n<meta property=\"article:modified_time\" content=\"2023-06-02T09:26:33+00:00\" \/>\n<meta property=\"og:image\" content=\"https:\/\/www.festivox.fr\/blog\/wp-content\/uploads\/2023\/06\/Festival-Jazz-et-musique-en-mode-guinguette-photo-a-la-une.jpg\" \/>\n\t<meta property=\"og:image:width\" content=\"610\" \/>\n\t<meta property=\"og:image:height\" content=\"652\" \/>\n\t<meta property=\"og:image:type\" content=\"image\/jpeg\" \/>\n<meta name=\"twitter:card\" content=\"summary_large_image\" \/>\n<script type=\"application\/ld+json\" class=\"yoast-schema-graph\">{\"@context\":\"https:\\\/\\\/schema.org\",\"@graph\":[{\"@type\":\"WebPage\",\"@id\":\"https:\\\/\\\/www.festivox.fr\\\/blog\\\/festival-jazz-et-musique-en-mode-guinguette\\\/\",\"url\":\"https:\\\/\\\/www.festivox.fr\\\/blog\\\/festival-jazz-et-musique-en-mode-guinguette\\\/\",\"name\":\"Festival Jazz et musique en mode guinguette - FESTIVOX\",\"isPartOf\":{\"@id\":\"https:\\\/\\\/www.festivox.fr\\\/blog\\\/#website\"},\"primaryImageOfPage\":{\"@id\":\"https:\\\/\\\/www.festivox.fr\\\/blog\\\/festival-jazz-et-musique-en-mode-guinguette\\\/#primaryimage\"},\"image\":{\"@id\":\"https:\\\/\\\/www.festivox.fr\\\/blog\\\/festival-jazz-et-musique-en-mode-guinguette\\\/#primaryimage\"},\"thumbnailUrl\":\"https:\\\/\\\/www.festivox.fr\\\/blog\\\/wp-content\\\/uploads\\\/2023\\\/06\\\/Festival-Jazz-et-musique-en-mode-guinguette-photo-a-la-une.jpg\",\"datePublished\":\"2023-06-02T09:25:21+00:00\",\"dateModified\":\"2023-06-02T09:26:33+00:00\",\"description\":\"Festival Jazz et musique en mode guinguette, est un domaine bien particulier auquel ce site est consacr\u00e9, et des d\u00e9veloppements, des actus et des \u00e9l\u00e9ments historiques.\",\"breadcrumb\":{\"@id\":\"https:\\\/\\\/www.festivox.fr\\\/blog\\\/festival-jazz-et-musique-en-mode-guinguette\\\/#breadcrumb\"},\"inLanguage\":\"fr-FR\",\"potentialAction\":[{\"@type\":\"ReadAction\",\"target\":[\"https:\\\/\\\/www.festivox.fr\\\/blog\\\/festival-jazz-et-musique-en-mode-guinguette\\\/\"]}]},{\"@type\":\"ImageObject\",\"inLanguage\":\"fr-FR\",\"@id\":\"https:\\\/\\\/www.festivox.fr\\\/blog\\\/festival-jazz-et-musique-en-mode-guinguette\\\/#primaryimage\",\"url\":\"https:\\\/\\\/www.festivox.fr\\\/blog\\\/wp-content\\\/uploads\\\/2023\\\/06\\\/Festival-Jazz-et-musique-en-mode-guinguette-photo-a-la-une.jpg\",\"contentUrl\":\"https:\\\/\\\/www.festivox.fr\\\/blog\\\/wp-content\\\/uploads\\\/2023\\\/06\\\/Festival-Jazz-et-musique-en-mode-guinguette-photo-a-la-une.jpg\",\"width\":610,\"height\":652,\"caption\":\"festivox.fr Photo de la page Festival Jazz et musique en mode guinguette\"},{\"@type\":\"BreadcrumbList\",\"@id\":\"https:\\\/\\\/www.festivox.fr\\\/blog\\\/festival-jazz-et-musique-en-mode-guinguette\\\/#breadcrumb\",\"itemListElement\":[{\"@type\":\"ListItem\",\"position\":1,\"name\":\"Accueil\",\"item\":\"https:\\\/\\\/www.festivox.fr\\\/blog\\\/\"},{\"@type\":\"ListItem\",\"position\":2,\"name\":\"Festival Jazz et musique en mode guinguette\"}]},{\"@type\":\"WebSite\",\"@id\":\"https:\\\/\\\/www.festivox.fr\\\/blog\\\/#website\",\"url\":\"https:\\\/\\\/www.festivox.fr\\\/blog\\\/\",\"name\":\"FESTIVOX\",\"description\":\"Festival en mode guinguette.\",\"publisher\":{\"@id\":\"https:\\\/\\\/www.festivox.fr\\\/blog\\\/#organization\"},\"potentialAction\":[{\"@type\":\"SearchAction\",\"target\":{\"@type\":\"EntryPoint\",\"urlTemplate\":\"https:\\\/\\\/www.festivox.fr\\\/blog\\\/?s={search_term_string}\"},\"query-input\":{\"@type\":\"PropertyValueSpecification\",\"valueRequired\":true,\"valueName\":\"search_term_string\"}}],\"inLanguage\":\"fr-FR\"},{\"@type\":\"Organization\",\"@id\":\"https:\\\/\\\/www.festivox.fr\\\/blog\\\/#organization\",\"name\":\"festivox\",\"url\":\"https:\\\/\\\/www.festivox.fr\\\/blog\\\/\",\"logo\":{\"@type\":\"ImageObject\",\"inLanguage\":\"fr-FR\",\"@id\":\"https:\\\/\\\/www.festivox.fr\\\/blog\\\/#\\\/schema\\\/logo\\\/image\\\/\",\"url\":\"https:\\\/\\\/www.festivox.fr\\\/blog\\\/wp-content\\\/uploads\\\/2023\\\/06\\\/logo-2.png\",\"contentUrl\":\"https:\\\/\\\/www.festivox.fr\\\/blog\\\/wp-content\\\/uploads\\\/2023\\\/06\\\/logo-2.png\",\"width\":480,\"height\":160,\"caption\":\"festivox\"},\"image\":{\"@id\":\"https:\\\/\\\/www.festivox.fr\\\/blog\\\/#\\\/schema\\\/logo\\\/image\\\/\"}}]}<\/script>\n<!-- \/ Yoast SEO plugin. -->","yoast_head_json":{"title":"Festival Jazz et musique en mode guinguette - FESTIVOX","description":"Festival Jazz et musique en mode guinguette, est un domaine bien particulier auquel ce site est consacr\u00e9, et des d\u00e9veloppements, des actus et des \u00e9l\u00e9ments historiques.","robots":{"index":"index","follow":"follow","max-snippet":"max-snippet:-1","max-image-preview":"max-image-preview:large","max-video-preview":"max-video-preview:-1"},"canonical":"https:\/\/www.festivox.fr\/blog\/festival-jazz-et-musique-en-mode-guinguette\/","og_locale":"fr_FR","og_type":"article","og_title":"Festival Jazz et musique en mode guinguette - FESTIVOX","og_description":"Festival Jazz et musique en mode guinguette, est un domaine bien particulier auquel ce site est consacr\u00e9, et des d\u00e9veloppements, des actus et des \u00e9l\u00e9ments historiques.","og_url":"https:\/\/www.festivox.fr\/blog\/festival-jazz-et-musique-en-mode-guinguette\/","og_site_name":"FESTIVOX","article_modified_time":"2023-06-02T09:26:33+00:00","og_image":[{"width":610,"height":652,"url":"https:\/\/www.festivox.fr\/blog\/wp-content\/uploads\/2023\/06\/Festival-Jazz-et-musique-en-mode-guinguette-photo-a-la-une.jpg","type":"image\/jpeg"}],"twitter_card":"summary_large_image","schema":{"@context":"https:\/\/schema.org","@graph":[{"@type":"WebPage","@id":"https:\/\/www.festivox.fr\/blog\/festival-jazz-et-musique-en-mode-guinguette\/","url":"https:\/\/www.festivox.fr\/blog\/festival-jazz-et-musique-en-mode-guinguette\/","name":"Festival Jazz et musique en mode guinguette - FESTIVOX","isPartOf":{"@id":"https:\/\/www.festivox.fr\/blog\/#website"},"primaryImageOfPage":{"@id":"https:\/\/www.festivox.fr\/blog\/festival-jazz-et-musique-en-mode-guinguette\/#primaryimage"},"image":{"@id":"https:\/\/www.festivox.fr\/blog\/festival-jazz-et-musique-en-mode-guinguette\/#primaryimage"},"thumbnailUrl":"https:\/\/www.festivox.fr\/blog\/wp-content\/uploads\/2023\/06\/Festival-Jazz-et-musique-en-mode-guinguette-photo-a-la-une.jpg","datePublished":"2023-06-02T09:25:21+00:00","dateModified":"2023-06-02T09:26:33+00:00","description":"Festival Jazz et musique en mode guinguette, est un domaine bien particulier auquel ce site est consacr\u00e9, et des d\u00e9veloppements, des actus et des \u00e9l\u00e9ments historiques.","breadcrumb":{"@id":"https:\/\/www.festivox.fr\/blog\/festival-jazz-et-musique-en-mode-guinguette\/#breadcrumb"},"inLanguage":"fr-FR","potentialAction":[{"@type":"ReadAction","target":["https:\/\/www.festivox.fr\/blog\/festival-jazz-et-musique-en-mode-guinguette\/"]}]},{"@type":"ImageObject","inLanguage":"fr-FR","@id":"https:\/\/www.festivox.fr\/blog\/festival-jazz-et-musique-en-mode-guinguette\/#primaryimage","url":"https:\/\/www.festivox.fr\/blog\/wp-content\/uploads\/2023\/06\/Festival-Jazz-et-musique-en-mode-guinguette-photo-a-la-une.jpg","contentUrl":"https:\/\/www.festivox.fr\/blog\/wp-content\/uploads\/2023\/06\/Festival-Jazz-et-musique-en-mode-guinguette-photo-a-la-une.jpg","width":610,"height":652,"caption":"festivox.fr Photo de la page Festival Jazz et musique en mode guinguette"},{"@type":"BreadcrumbList","@id":"https:\/\/www.festivox.fr\/blog\/festival-jazz-et-musique-en-mode-guinguette\/#breadcrumb","itemListElement":[{"@type":"ListItem","position":1,"name":"Accueil","item":"https:\/\/www.festivox.fr\/blog\/"},{"@type":"ListItem","position":2,"name":"Festival Jazz et musique en mode guinguette"}]},{"@type":"WebSite","@id":"https:\/\/www.festivox.fr\/blog\/#website","url":"https:\/\/www.festivox.fr\/blog\/","name":"FESTIVOX","description":"Festival en mode guinguette.","publisher":{"@id":"https:\/\/www.festivox.fr\/blog\/#organization"},"potentialAction":[{"@type":"SearchAction","target":{"@type":"EntryPoint","urlTemplate":"https:\/\/www.festivox.fr\/blog\/?s={search_term_string}"},"query-input":{"@type":"PropertyValueSpecification","valueRequired":true,"valueName":"search_term_string"}}],"inLanguage":"fr-FR"},{"@type":"Organization","@id":"https:\/\/www.festivox.fr\/blog\/#organization","name":"festivox","url":"https:\/\/www.festivox.fr\/blog\/","logo":{"@type":"ImageObject","inLanguage":"fr-FR","@id":"https:\/\/www.festivox.fr\/blog\/#\/schema\/logo\/image\/","url":"https:\/\/www.festivox.fr\/blog\/wp-content\/uploads\/2023\/06\/logo-2.png","contentUrl":"https:\/\/www.festivox.fr\/blog\/wp-content\/uploads\/2023\/06\/logo-2.png","width":480,"height":160,"caption":"festivox"},"image":{"@id":"https:\/\/www.festivox.fr\/blog\/#\/schema\/logo\/image\/"}}]}},"_links":{"self":[{"href":"https:\/\/www.festivox.fr\/blog\/wp-json\/wp\/v2\/pages\/63","targetHints":{"allow":["GET"]}}],"collection":[{"href":"https:\/\/www.festivox.fr\/blog\/wp-json\/wp\/v2\/pages"}],"about":[{"href":"https:\/\/www.festivox.fr\/blog\/wp-json\/wp\/v2\/types\/page"}],"author":[{"embeddable":true,"href":"https:\/\/www.festivox.fr\/blog\/wp-json\/wp\/v2\/users\/1"}],"replies":[{"embeddable":true,"href":"https:\/\/www.festivox.fr\/blog\/wp-json\/wp\/v2\/comments?post=63"}],"version-history":[{"count":4,"href":"https:\/\/www.festivox.fr\/blog\/wp-json\/wp\/v2\/pages\/63\/revisions"}],"predecessor-version":[{"id":69,"href":"https:\/\/www.festivox.fr\/blog\/wp-json\/wp\/v2\/pages\/63\/revisions\/69"}],"wp:featuredmedia":[{"embeddable":true,"href":"https:\/\/www.festivox.fr\/blog\/wp-json\/wp\/v2\/media\/65"}],"wp:attachment":[{"href":"https:\/\/www.festivox.fr\/blog\/wp-json\/wp\/v2\/media?parent=63"}],"curies":[{"name":"wp","href":"https:\/\/api.w.org\/{rel}","templated":true}]}}

<!-- This site is optimized with the Yoast SEO plugin v27.5 - https://yoast.com/product/yoast-seo-wordpress/ -->
<title>Festival Jazz et musique en mode guinguette - FESTIVOX</title>
<meta name="description" content="Festival Jazz et musique en mode guinguette, est un domaine bien particulier auquel ce site est consacré, et des développements, des actus et des éléments historiques." />
<meta name="robots" content="index, follow, max-snippet:-1, max-image-preview:large, max-video-preview:-1" />
<link rel="canonical" href="https://www.festivox.fr/blog/festival-jazz-et-musique-en-mode-guinguette/" />
<meta property="og:locale" content="fr_FR" />
<meta property="og:type" content="article" />
<meta property="og:title" content="Festival Jazz et musique en mode guinguette - FESTIVOX" />
<meta property="og:description" content="Festival Jazz et musique en mode guinguette, est un domaine bien particulier auquel ce site est consacré, et des développements, des actus et des éléments historiques." />
<meta property="og:url" content="https://www.festivox.fr/blog/festival-jazz-et-musique-en-mode-guinguette/" />
<meta property="og:site_name" content="FESTIVOX" />
<meta property="article:modified_time" content="2023-06-02T09:26:33+00:00" />
<meta property="og:image" content="https://www.festivox.fr/blog/wp-content/uploads/2023/06/Festival-Jazz-et-musique-en-mode-guinguette-photo-a-la-une.jpg" />
	<meta property="og:image:width" content="610" />
	<meta property="og:image:height" content="652" />
	<meta property="og:image:type" content="image/jpeg" />
<meta name="twitter:card" content="summary_large_image" />
<script type="application/ld+json" class="yoast-schema-graph">{"@context":"https:\/\/schema.org","@graph":[{"@type":"WebPage","@id":"https:\/\/www.festivox.fr\/blog\/festival-jazz-et-musique-en-mode-guinguette\/","url":"https:\/\/www.festivox.fr\/blog\/festival-jazz-et-musique-en-mode-guinguette\/","name":"Festival Jazz et musique en mode guinguette - FESTIVOX","isPartOf":{"@id":"https:\/\/www.festivox.fr\/blog\/#website"},"primaryImageOfPage":{"@id":"https:\/\/www.festivox.fr\/blog\/festival-jazz-et-musique-en-mode-guinguette\/#primaryimage"},"image":{"@id":"https:\/\/www.festivox.fr\/blog\/festival-jazz-et-musique-en-mode-guinguette\/#primaryimage"},"thumbnailUrl":"https:\/\/www.festivox.fr\/blog\/wp-content\/uploads\/2023\/06\/Festival-Jazz-et-musique-en-mode-guinguette-photo-a-la-une.jpg","datePublished":"2023-06-02T09:25:21+00:00","dateModified":"2023-06-02T09:26:33+00:00","description":"Festival Jazz et musique en mode guinguette, est un domaine bien particulier auquel ce site est consacré, et des développements, des actus et des éléments historiques.","breadcrumb":{"@id":"https:\/\/www.festivox.fr\/blog\/festival-jazz-et-musique-en-mode-guinguette\/#breadcrumb"},"inLanguage":"fr-FR","potentialAction":[{"@type":"ReadAction","target":["https:\/\/www.festivox.fr\/blog\/festival-jazz-et-musique-en-mode-guinguette\/"]}]},{"@type":"ImageObject","inLanguage":"fr-FR","@id":"https:\/\/www.festivox.fr\/blog\/festival-jazz-et-musique-en-mode-guinguette\/#primaryimage","url":"https:\/\/www.festivox.fr\/blog\/wp-content\/uploads\/2023\/06\/Festival-Jazz-et-musique-en-mode-guinguette-photo-a-la-une.jpg","contentUrl":"https:\/\/www.festivox.fr\/blog\/wp-content\/uploads\/2023\/06\/Festival-Jazz-et-musique-en-mode-guinguette-photo-a-la-une.jpg","width":610,"height":652,"caption":"festivox.fr Photo de la page Festival Jazz et musique en mode guinguette"},{"@type":"BreadcrumbList","@id":"https:\/\/www.festivox.fr\/blog\/festival-jazz-et-musique-en-mode-guinguette\/#breadcrumb","itemListElement":[{"@type":"ListItem","position":1,"name":"Accueil","item":"https:\/\/www.festivox.fr\/blog\/"},{"@type":"ListItem","position":2,"name":"Festival Jazz et musique en mode guinguette"}]},{"@type":"WebSite","@id":"https:\/\/www.festivox.fr\/blog\/#website","url":"https:\/\/www.festivox.fr\/blog\/","name":"FESTIVOX","description":"Festival en mode guinguette.","publisher":{"@id":"https:\/\/www.festivox.fr\/blog\/#organization"},"potentialAction":[{"@type":"SearchAction","target":{"@type":"EntryPoint","urlTemplate":"https:\/\/www.festivox.fr\/blog\/?s={search_term_string}"},"query-input":{"@type":"PropertyValueSpecification","valueRequired":true,"valueName":"search_term_string"}}],"inLanguage":"fr-FR"},{"@type":"Organization","@id":"https:\/\/www.festivox.fr\/blog\/#organization","name":"festivox","url":"https:\/\/www.festivox.fr\/blog\/","logo":{"@type":"ImageObject","inLanguage":"fr-FR","@id":"https:\/\/www.festivox.fr\/blog\/#\/schema\/logo\/image\/","url":"https:\/\/www.festivox.fr\/blog\/wp-content\/uploads\/2023\/06\/logo-2.png","contentUrl":"https:\/\/www.festivox.fr\/blog\/wp-content\/uploads\/2023\/06\/logo-2.png","width":480,"height":160,"caption":"festivox"},"image":{"@id":"https:\/\/www.festivox.fr\/blog\/#\/schema\/logo\/image\/"}}]}</script>
<!-- / Yoast SEO plugin. -->

Festival Jazz et musique en mode guinguette, est un domaine bien particulier auquel ce site est consacré, et des développements, des actus et des éléments historiques.
