{"version":"1.0","provider_name":"FESTIVOX","provider_url":"https:\/\/www.festivox.fr\/blog","author_name":"Michele","author_url":"https:\/\/www.festivox.fr\/blog\/author\/voxadmin\/","title":"Pl\u00e9rin. Concert : Ana\u00efs Rosso - FESTIVOX","type":"rich","width":600,"height":338,"html":"<blockquote class=\"wp-embedded-content\" data-secret=\"WAsgXlc8Ge\"><a href=\"https:\/\/www.festivox.fr\/blog\/plerin-concert-anais-rosso\/\">Pl\u00e9rin. Concert : Ana\u00efs Rosso<\/a><\/blockquote><iframe sandbox=\"allow-scripts\" security=\"restricted\" src=\"https:\/\/www.festivox.fr\/blog\/plerin-concert-anais-rosso\/embed\/#?secret=WAsgXlc8Ge\" width=\"600\" height=\"338\" title=\"\u00ab\u00a0Pl\u00e9rin. Concert : Ana\u00efs Rosso\u00a0\u00bb &#8212; FESTIVOX\" data-secret=\"WAsgXlc8Ge\" frameborder=\"0\" marginwidth=\"0\" marginheight=\"0\" scrolling=\"no\" class=\"wp-embedded-content\"><\/iframe><script type=\"text\/javascript\">\n\/* <![CDATA[ *\/\n\/*! This file is auto-generated *\/\n!function(d,l){\"use strict\";l.querySelector&&d.addEventListener&&\"undefined\"!=typeof URL&&(d.wp=d.wp||{},d.wp.receiveEmbedMessage||(d.wp.receiveEmbedMessage=function(e){var t=e.data;if((t||t.secret||t.message||t.value)&&!\/[^a-zA-Z0-9]\/.test(t.secret)){for(var s,r,n,a=l.querySelectorAll('iframe[data-secret=\"'+t.secret+'\"]'),o=l.querySelectorAll('blockquote[data-secret=\"'+t.secret+'\"]'),c=new RegExp(\"^https?:$\",\"i\"),i=0;i<o.length;i++)o[i].style.display=\"none\";for(i=0;i<a.length;i++)s=a[i],e.source===s.contentWindow&&(s.removeAttribute(\"style\"),\"height\"===t.message?(1e3<(r=parseInt(t.value,10))?r=1e3:~~r<200&&(r=200),s.height=r):\"link\"===t.message&&(r=new URL(s.getAttribute(\"src\")),n=new URL(t.value),c.test(n.protocol))&&n.host===r.host&&l.activeElement===s&&(d.top.location.href=t.value))}},d.addEventListener(\"message\",d.wp.receiveEmbedMessage,!1),l.addEventListener(\"DOMContentLoaded\",function(){for(var e,t,s=l.querySelectorAll(\"iframe.wp-embedded-content\"),r=0;r<s.length;r++)(t=(e=s[r]).getAttribute(\"data-secret\"))||(t=Math.random().toString(36).substring(2,12),e.src+=\"#?secret=\"+t,e.setAttribute(\"data-secret\",t)),e.contentWindow.postMessage({message:\"ready\",secret:t},\"*\")},!1)))}(window,document);\n\/\/# sourceURL=https:\/\/www.festivox.fr\/blog\/wp-includes\/js\/wp-embed.min.js\n\/* ]]> *\/\n<\/script>\n","thumbnail_url":"https:\/\/www.festivox.fr\/blog\/wp-content\/uploads\/2024\/11\/plerin-concert-anais-rosso.png","thumbnail_width":256,"thumbnail_height":256,"description":"Retour au moteur de recherche Annoncez votre \u00e9v\u00e8nement Concerts En partenariat avec le festival Les Femmes s\u2019en m\u00ealent qui d\u00e9fend la cr\u00e9ation des musiciennes \u00e9mergentes et leur plus grande visibilit\u00e9 dans les musiques actuelles. Au fil de ses compositions teint\u00e9es de multiples couleurs musicales, avec sa guitare, ses machines et sa voix de t\u00e9nor qu\u2019elle&hellip;"}

Plérin. Concert : Anaïs Rosso - FESTIVOX

<blockquote class="wp-embedded-content" data-secret="WAsgXlc8Ge"><a href="https://www.festivox.fr/blog/plerin-concert-anais-rosso/">Plérin. Concert : Anaïs Rosso</a></blockquote><iframe sandbox="allow-scripts" security="restricted" src="https://www.festivox.fr/blog/plerin-concert-anais-rosso/embed/#?secret=WAsgXlc8Ge" width="600" height="338" title="« Plérin. Concert : Anaïs Rosso » &#8212; FESTIVOX" data-secret="WAsgXlc8Ge" frameborder="0" marginwidth="0" marginheight="0" scrolling="no" class="wp-embedded-content"></iframe><script type="text/javascript">
/* <![CDATA[ */
/*! This file is auto-generated */
!function(d,l){"use strict";l.querySelector&&d.addEventListener&&"undefined"!=typeof URL&&(d.wp=d.wp||{},d.wp.receiveEmbedMessage||(d.wp.receiveEmbedMessage=function(e){var t=e.data;if((t||t.secret||t.message||t.value)&&!/[^a-zA-Z0-9]/.test(t.secret)){for(var s,r,n,a=l.querySelectorAll('iframe[data-secret="'+t.secret+'"]'),o=l.querySelectorAll('blockquote[data-secret="'+t.secret+'"]'),c=new RegExp("^https?:$","i"),i=0;i<o.length;i++)o[i].style.display="none";for(i=0;i<a.length;i++)s=a[i],e.source===s.contentWindow&&(s.removeAttribute("style"),"height"===t.message?(1e3<(r=parseInt(t.value,10))?r=1e3:~~r<200&&(r=200),s.height=r):"link"===t.message&&(r=new URL(s.getAttribute("src")),n=new URL(t.value),c.test(n.protocol))&&n.host===r.host&&l.activeElement===s&&(d.top.location.href=t.value))}},d.addEventListener("message",d.wp.receiveEmbedMessage,!1),l.addEventListener("DOMContentLoaded",function(){for(var e,t,s=l.querySelectorAll("iframe.wp-embedded-content"),r=0;r<s.length;r++)(t=(e=s[r]).getAttribute("data-secret"))||(t=Math.random().toString(36).substring(2,12),e.src+="#?secret="+t,e.setAttribute("data-secret",t)),e.contentWindow.postMessage({message:"ready",secret:t},"*")},!1)))}(window,document);
//# sourceURL=https://www.festivox.fr/blog/wp-includes/js/wp-embed.min.js
/* ]]> */
</script>

Retour au moteur de recherche Annoncez votre évènement Concerts En partenariat avec le festival Les Femmes s’en mêlent qui défend la création des musiciennes émergentes et leur plus grande visibilité dans les musiques actuelles. Au fil de ses compositions teintées de multiples couleurs musicales, avec sa guitare, ses machines et sa voix de ténor qu’elle&hellip;
