{"version":"1.0","provider_name":"FESTIVOX","provider_url":"https:\/\/www.festivox.fr\/blog","author_name":"Michele","author_url":"https:\/\/www.festivox.fr\/blog\/author\/voxadmin\/","title":"Manu Katch\u00e9 pr\u00e9sente les Victoires du Jazz 2023 - FESTIVOX","type":"rich","width":600,"height":338,"html":"<blockquote class=\"wp-embedded-content\" data-secret=\"pc95C5o3EE\"><a href=\"https:\/\/www.festivox.fr\/blog\/manu-katche-presente-les-victoires-du-jazz-2023\/\">Manu Katch\u00e9 pr\u00e9sente les Victoires du Jazz 2023<\/a><\/blockquote><iframe sandbox=\"allow-scripts\" security=\"restricted\" src=\"https:\/\/www.festivox.fr\/blog\/manu-katche-presente-les-victoires-du-jazz-2023\/embed\/#?secret=pc95C5o3EE\" width=\"600\" height=\"338\" title=\"\u00ab\u00a0Manu Katch\u00e9 pr\u00e9sente les Victoires du Jazz 2023\u00a0\u00bb &#8212; FESTIVOX\" data-secret=\"pc95C5o3EE\" frameborder=\"0\" marginwidth=\"0\" marginheight=\"0\" scrolling=\"no\" class=\"wp-embedded-content\"><\/iframe><script type=\"text\/javascript\">\n\/* <![CDATA[ *\/\n\/*! This file is auto-generated *\/\n!function(d,l){\"use strict\";l.querySelector&&d.addEventListener&&\"undefined\"!=typeof URL&&(d.wp=d.wp||{},d.wp.receiveEmbedMessage||(d.wp.receiveEmbedMessage=function(e){var t=e.data;if((t||t.secret||t.message||t.value)&&!\/[^a-zA-Z0-9]\/.test(t.secret)){for(var s,r,n,a=l.querySelectorAll('iframe[data-secret=\"'+t.secret+'\"]'),o=l.querySelectorAll('blockquote[data-secret=\"'+t.secret+'\"]'),c=new RegExp(\"^https?:$\",\"i\"),i=0;i<o.length;i++)o[i].style.display=\"none\";for(i=0;i<a.length;i++)s=a[i],e.source===s.contentWindow&&(s.removeAttribute(\"style\"),\"height\"===t.message?(1e3<(r=parseInt(t.value,10))?r=1e3:~~r<200&&(r=200),s.height=r):\"link\"===t.message&&(r=new URL(s.getAttribute(\"src\")),n=new URL(t.value),c.test(n.protocol))&&n.host===r.host&&l.activeElement===s&&(d.top.location.href=t.value))}},d.addEventListener(\"message\",d.wp.receiveEmbedMessage,!1),l.addEventListener(\"DOMContentLoaded\",function(){for(var e,t,s=l.querySelectorAll(\"iframe.wp-embedded-content\"),r=0;r<s.length;r++)(t=(e=s[r]).getAttribute(\"data-secret\"))||(t=Math.random().toString(36).substring(2,12),e.src+=\"#?secret=\"+t,e.setAttribute(\"data-secret\",t)),e.contentWindow.postMessage({message:\"ready\",secret:t},\"*\")},!1)))}(window,document);\n\/\/# sourceURL=https:\/\/www.festivox.fr\/blog\/wp-includes\/js\/wp-embed.min.js\n\/* ]]> *\/\n<\/script>\n","thumbnail_url":"https:\/\/www.festivox.fr\/blog\/wp-content\/uploads\/2023\/07\/manu-katche-presente-les-victoires-du-jazz-2023.png","thumbnail_width":600,"thumbnail_height":338,"description":"Pour cette 21e \u00e9dition, les Victoires du Jazz s&rsquo;installent aux Folies Berg\u00e8re. L\u2019ensemble des prestations et les portraits des cinq laur\u00e9ats et des trois r\u00e9v\u00e9lations de l\u2019ann\u00e9e sont \u00e0 d\u00e9couvrir dans un film pr\u00e9sent\u00e9 par Manu Katch\u00e9 le lundi 10 juillet \u00e0 21.10 sur Culturebox. Le musicien s\u2019est confi\u00e9 sur son rapport au jazz et&hellip;"}

Manu Katché présente les Victoires du Jazz 2023 - FESTIVOX

<blockquote class="wp-embedded-content" data-secret="pc95C5o3EE"><a href="https://www.festivox.fr/blog/manu-katche-presente-les-victoires-du-jazz-2023/">Manu Katché présente les Victoires du Jazz 2023</a></blockquote><iframe sandbox="allow-scripts" security="restricted" src="https://www.festivox.fr/blog/manu-katche-presente-les-victoires-du-jazz-2023/embed/#?secret=pc95C5o3EE" width="600" height="338" title="« Manu Katché présente les Victoires du Jazz 2023 » &#8212; FESTIVOX" data-secret="pc95C5o3EE" frameborder="0" marginwidth="0" marginheight="0" scrolling="no" class="wp-embedded-content"></iframe><script type="text/javascript">
/* <![CDATA[ */
/*! This file is auto-generated */
!function(d,l){"use strict";l.querySelector&&d.addEventListener&&"undefined"!=typeof URL&&(d.wp=d.wp||{},d.wp.receiveEmbedMessage||(d.wp.receiveEmbedMessage=function(e){var t=e.data;if((t||t.secret||t.message||t.value)&&!/[^a-zA-Z0-9]/.test(t.secret)){for(var s,r,n,a=l.querySelectorAll('iframe[data-secret="'+t.secret+'"]'),o=l.querySelectorAll('blockquote[data-secret="'+t.secret+'"]'),c=new RegExp("^https?:$","i"),i=0;i<o.length;i++)o[i].style.display="none";for(i=0;i<a.length;i++)s=a[i],e.source===s.contentWindow&&(s.removeAttribute("style"),"height"===t.message?(1e3<(r=parseInt(t.value,10))?r=1e3:~~r<200&&(r=200),s.height=r):"link"===t.message&&(r=new URL(s.getAttribute("src")),n=new URL(t.value),c.test(n.protocol))&&n.host===r.host&&l.activeElement===s&&(d.top.location.href=t.value))}},d.addEventListener("message",d.wp.receiveEmbedMessage,!1),l.addEventListener("DOMContentLoaded",function(){for(var e,t,s=l.querySelectorAll("iframe.wp-embedded-content"),r=0;r<s.length;r++)(t=(e=s[r]).getAttribute("data-secret"))||(t=Math.random().toString(36).substring(2,12),e.src+="#?secret="+t,e.setAttribute("data-secret",t)),e.contentWindow.postMessage({message:"ready",secret:t},"*")},!1)))}(window,document);
//# sourceURL=https://www.festivox.fr/blog/wp-includes/js/wp-embed.min.js
/* ]]> */
</script>

Pour cette 21e édition, les Victoires du Jazz s&rsquo;installent aux Folies Bergère. L’ensemble des prestations et les portraits des cinq lauréats et des trois révélations de l’année sont à découvrir dans un film présenté par Manu Katché le lundi 10 juillet à 21.10 sur Culturebox. Le musicien s’est confié sur son rapport au jazz et&hellip;
