{"version":"1.0","provider_name":"FESTIVOX","provider_url":"https:\/\/www.festivox.fr\/blog","author_name":"Michele","author_url":"https:\/\/www.festivox.fr\/blog\/author\/voxadmin\/","title":"Les plus grands standards du jazz - FESTIVOX","type":"rich","width":600,"height":338,"html":"<blockquote class=\"wp-embedded-content\" data-secret=\"XHT5QO0rEN\"><a href=\"https:\/\/www.festivox.fr\/blog\/les-plus-grands-standards-du-jazz\/\">Les plus grands standards du jazz<\/a><\/blockquote><iframe sandbox=\"allow-scripts\" security=\"restricted\" src=\"https:\/\/www.festivox.fr\/blog\/les-plus-grands-standards-du-jazz\/embed\/#?secret=XHT5QO0rEN\" width=\"600\" height=\"338\" title=\"\u00ab\u00a0Les plus grands standards du jazz\u00a0\u00bb &#8212; FESTIVOX\" data-secret=\"XHT5QO0rEN\" frameborder=\"0\" marginwidth=\"0\" marginheight=\"0\" scrolling=\"no\" class=\"wp-embedded-content\"><\/iframe><script type=\"text\/javascript\">\n\/* <![CDATA[ *\/\n\/*! This file is auto-generated *\/\n!function(d,l){\"use strict\";l.querySelector&&d.addEventListener&&\"undefined\"!=typeof URL&&(d.wp=d.wp||{},d.wp.receiveEmbedMessage||(d.wp.receiveEmbedMessage=function(e){var t=e.data;if((t||t.secret||t.message||t.value)&&!\/[^a-zA-Z0-9]\/.test(t.secret)){for(var s,r,n,a=l.querySelectorAll('iframe[data-secret=\"'+t.secret+'\"]'),o=l.querySelectorAll('blockquote[data-secret=\"'+t.secret+'\"]'),c=new RegExp(\"^https?:$\",\"i\"),i=0;i<o.length;i++)o[i].style.display=\"none\";for(i=0;i<a.length;i++)s=a[i],e.source===s.contentWindow&&(s.removeAttribute(\"style\"),\"height\"===t.message?(1e3<(r=parseInt(t.value,10))?r=1e3:~~r<200&&(r=200),s.height=r):\"link\"===t.message&&(r=new URL(s.getAttribute(\"src\")),n=new URL(t.value),c.test(n.protocol))&&n.host===r.host&&l.activeElement===s&&(d.top.location.href=t.value))}},d.addEventListener(\"message\",d.wp.receiveEmbedMessage,!1),l.addEventListener(\"DOMContentLoaded\",function(){for(var e,t,s=l.querySelectorAll(\"iframe.wp-embedded-content\"),r=0;r<s.length;r++)(t=(e=s[r]).getAttribute(\"data-secret\"))||(t=Math.random().toString(36).substring(2,12),e.src+=\"#?secret=\"+t,e.setAttribute(\"data-secret\",t)),e.contentWindow.postMessage({message:\"ready\",secret:t},\"*\")},!1)))}(window,document);\n\/\/# sourceURL=https:\/\/www.festivox.fr\/blog\/wp-includes\/js\/wp-embed.min.js\n\/* ]]> *\/\n<\/script>\n","thumbnail_url":"https:\/\/www.festivox.fr\/blog\/wp-content\/uploads\/2024\/02\/les-plus-grands-standards-du-jazz.jpg","thumbnail_width":600,"thumbnail_height":339,"description":"Du jazz au Foyer des campagnes dimanche 28 janvier \u00e0 17 h. Gr\u00e2ce au Caf\u00e9 lyrique enchant\u00e9e, un concert de jazz va permettre aux Pisc\u00e9nois de changer de r\u00e9pertoire pour cet \u00e9v\u00e8nement qui enchante souvent le public le dimanche apr\u00e8s-midi. Quand le jazz est l\u00e0 offrira la voix de Jean-Pierre Torrent, le talentueux t\u00e9nor de&hellip;"}

Du jazz au Foyer des campagnes dimanche 28 janvier à 17 h. Grâce au Café lyrique enchantée, un concert de jazz va permettre aux Piscénois de changer de répertoire pour cet évènement qui enchante souvent le public le dimanche après-midi. Quand le jazz est là offrira la voix de Jean-Pierre Torrent, le talentueux ténor de&hellip;
