{"version":"1.0","provider_name":"FESTIVOX","provider_url":"https:\/\/www.festivox.fr\/blog","author_name":"Michele","author_url":"https:\/\/www.festivox.fr\/blog\/author\/voxadmin\/","title":"Le jazz s\u2019\u00e9vertue \u00e0 rajeunir son public - FESTIVOX","type":"rich","width":600,"height":338,"html":"<blockquote class=\"wp-embedded-content\" data-secret=\"XMIRgkpvY7\"><a href=\"https:\/\/www.festivox.fr\/blog\/le-jazz-severtue-a-rajeunir-son-public\/\">Le jazz s\u2019\u00e9vertue \u00e0 rajeunir son public<\/a><\/blockquote><iframe sandbox=\"allow-scripts\" security=\"restricted\" src=\"https:\/\/www.festivox.fr\/blog\/le-jazz-severtue-a-rajeunir-son-public\/embed\/#?secret=XMIRgkpvY7\" width=\"600\" height=\"338\" title=\"\u00ab\u00a0Le jazz s\u2019\u00e9vertue \u00e0 rajeunir son public\u00a0\u00bb &#8212; FESTIVOX\" data-secret=\"XMIRgkpvY7\" frameborder=\"0\" marginwidth=\"0\" marginheight=\"0\" scrolling=\"no\" class=\"wp-embedded-content\"><\/iframe><script type=\"text\/javascript\">\n\/* <![CDATA[ *\/\n\/*! This file is auto-generated *\/\n!function(d,l){\"use strict\";l.querySelector&&d.addEventListener&&\"undefined\"!=typeof URL&&(d.wp=d.wp||{},d.wp.receiveEmbedMessage||(d.wp.receiveEmbedMessage=function(e){var t=e.data;if((t||t.secret||t.message||t.value)&&!\/[^a-zA-Z0-9]\/.test(t.secret)){for(var s,r,n,a=l.querySelectorAll('iframe[data-secret=\"'+t.secret+'\"]'),o=l.querySelectorAll('blockquote[data-secret=\"'+t.secret+'\"]'),c=new RegExp(\"^https?:$\",\"i\"),i=0;i<o.length;i++)o[i].style.display=\"none\";for(i=0;i<a.length;i++)s=a[i],e.source===s.contentWindow&&(s.removeAttribute(\"style\"),\"height\"===t.message?(1e3<(r=parseInt(t.value,10))?r=1e3:~~r<200&&(r=200),s.height=r):\"link\"===t.message&&(r=new URL(s.getAttribute(\"src\")),n=new URL(t.value),c.test(n.protocol))&&n.host===r.host&&l.activeElement===s&&(d.top.location.href=t.value))}},d.addEventListener(\"message\",d.wp.receiveEmbedMessage,!1),l.addEventListener(\"DOMContentLoaded\",function(){for(var e,t,s=l.querySelectorAll(\"iframe.wp-embedded-content\"),r=0;r<s.length;r++)(t=(e=s[r]).getAttribute(\"data-secret\"))||(t=Math.random().toString(36).substring(2,12),e.src+=\"#?secret=\"+t,e.setAttribute(\"data-secret\",t)),e.contentWindow.postMessage({message:\"ready\",secret:t},\"*\")},!1)))}(window,document);\n\/\/# sourceURL=https:\/\/www.festivox.fr\/blog\/wp-includes\/js\/wp-embed.min.js\n\/* ]]> *\/\n<\/script>\n","thumbnail_url":"https:\/\/www.festivox.fr\/blog\/wp-content\/uploads\/2024\/01\/le-jazz-severtue-a-rajeunir-son-public.jpg","thumbnail_width":600,"thumbnail_height":339,"description":"(ETX Daily Up) &#8211; On entend souvent que le jazz ne fait plus vibrer la jeunesse. Mais ce genre musical, n\u00e9 dans les ann\u00e9es 1920, entend bien reconqu\u00e9rir les jeunes g\u00e9n\u00e9rations et prouver \u00e0 ses d\u00e9tracteurs qu\u2019il est plus vivant que jamais. D\u00e9cryptage. Pour beaucoup, le jazz est port\u00e9 par Duke Ellington, Ella Fitzgerald, John&hellip;"}

Le jazz s’évertue à rajeunir son public - FESTIVOX

<blockquote class="wp-embedded-content" data-secret="XMIRgkpvY7"><a href="https://www.festivox.fr/blog/le-jazz-severtue-a-rajeunir-son-public/">Le jazz s’évertue à rajeunir son public</a></blockquote><iframe sandbox="allow-scripts" security="restricted" src="https://www.festivox.fr/blog/le-jazz-severtue-a-rajeunir-son-public/embed/#?secret=XMIRgkpvY7" width="600" height="338" title="« Le jazz s’évertue à rajeunir son public » &#8212; FESTIVOX" data-secret="XMIRgkpvY7" frameborder="0" marginwidth="0" marginheight="0" scrolling="no" class="wp-embedded-content"></iframe><script type="text/javascript">
/* <![CDATA[ */
/*! This file is auto-generated */
!function(d,l){"use strict";l.querySelector&&d.addEventListener&&"undefined"!=typeof URL&&(d.wp=d.wp||{},d.wp.receiveEmbedMessage||(d.wp.receiveEmbedMessage=function(e){var t=e.data;if((t||t.secret||t.message||t.value)&&!/[^a-zA-Z0-9]/.test(t.secret)){for(var s,r,n,a=l.querySelectorAll('iframe[data-secret="'+t.secret+'"]'),o=l.querySelectorAll('blockquote[data-secret="'+t.secret+'"]'),c=new RegExp("^https?:$","i"),i=0;i<o.length;i++)o[i].style.display="none";for(i=0;i<a.length;i++)s=a[i],e.source===s.contentWindow&&(s.removeAttribute("style"),"height"===t.message?(1e3<(r=parseInt(t.value,10))?r=1e3:~~r<200&&(r=200),s.height=r):"link"===t.message&&(r=new URL(s.getAttribute("src")),n=new URL(t.value),c.test(n.protocol))&&n.host===r.host&&l.activeElement===s&&(d.top.location.href=t.value))}},d.addEventListener("message",d.wp.receiveEmbedMessage,!1),l.addEventListener("DOMContentLoaded",function(){for(var e,t,s=l.querySelectorAll("iframe.wp-embedded-content"),r=0;r<s.length;r++)(t=(e=s[r]).getAttribute("data-secret"))||(t=Math.random().toString(36).substring(2,12),e.src+="#?secret="+t,e.setAttribute("data-secret",t)),e.contentWindow.postMessage({message:"ready",secret:t},"*")},!1)))}(window,document);
//# sourceURL=https://www.festivox.fr/blog/wp-includes/js/wp-embed.min.js
/* ]]> */
</script>

(ETX Daily Up) &#8211; On entend souvent que le jazz ne fait plus vibrer la jeunesse. Mais ce genre musical, né dans les années 1920, entend bien reconquérir les jeunes générations et prouver à ses détracteurs qu’il est plus vivant que jamais. Décryptage. Pour beaucoup, le jazz est porté par Duke Ellington, Ella Fitzgerald, John&hellip;
