{"version":"1.0","provider_name":"FESTIVOX","provider_url":"https:\/\/www.festivox.fr\/blog","author_name":"Michele","author_url":"https:\/\/www.festivox.fr\/blog\/author\/voxadmin\/","title":"Jazz \u00e0 Foix : une 22e \u00e9dition \"\u00e9clectique\" - FESTIVOX","type":"rich","width":600,"height":338,"html":"<blockquote class=\"wp-embedded-content\" data-secret=\"QryhZqJodh\"><a href=\"https:\/\/www.festivox.fr\/blog\/jazz-a-foix-une-22e-edition-eclectique\/\">Jazz \u00e0 Foix : une 22e \u00e9dition \u00ab\u00a0\u00e9clectique\u00a0\u00bb<\/a><\/blockquote><iframe sandbox=\"allow-scripts\" security=\"restricted\" src=\"https:\/\/www.festivox.fr\/blog\/jazz-a-foix-une-22e-edition-eclectique\/embed\/#?secret=QryhZqJodh\" width=\"600\" height=\"338\" title=\"\u00ab\u00a0Jazz \u00e0 Foix : une 22e \u00e9dition \u00ab\u00a0\u00e9clectique\u00a0\u00bb\u00a0\u00bb &#8212; FESTIVOX\" data-secret=\"QryhZqJodh\" frameborder=\"0\" marginwidth=\"0\" marginheight=\"0\" scrolling=\"no\" class=\"wp-embedded-content\"><\/iframe><script type=\"text\/javascript\">\n\/* <![CDATA[ *\/\n\/*! This file is auto-generated *\/\n!function(d,l){\"use strict\";l.querySelector&&d.addEventListener&&\"undefined\"!=typeof URL&&(d.wp=d.wp||{},d.wp.receiveEmbedMessage||(d.wp.receiveEmbedMessage=function(e){var t=e.data;if((t||t.secret||t.message||t.value)&&!\/[^a-zA-Z0-9]\/.test(t.secret)){for(var s,r,n,a=l.querySelectorAll('iframe[data-secret=\"'+t.secret+'\"]'),o=l.querySelectorAll('blockquote[data-secret=\"'+t.secret+'\"]'),c=new RegExp(\"^https?:$\",\"i\"),i=0;i<o.length;i++)o[i].style.display=\"none\";for(i=0;i<a.length;i++)s=a[i],e.source===s.contentWindow&&(s.removeAttribute(\"style\"),\"height\"===t.message?(1e3<(r=parseInt(t.value,10))?r=1e3:~~r<200&&(r=200),s.height=r):\"link\"===t.message&&(r=new URL(s.getAttribute(\"src\")),n=new URL(t.value),c.test(n.protocol))&&n.host===r.host&&l.activeElement===s&&(d.top.location.href=t.value))}},d.addEventListener(\"message\",d.wp.receiveEmbedMessage,!1),l.addEventListener(\"DOMContentLoaded\",function(){for(var e,t,s=l.querySelectorAll(\"iframe.wp-embedded-content\"),r=0;r<s.length;r++)(t=(e=s[r]).getAttribute(\"data-secret\"))||(t=Math.random().toString(36).substring(2,12),e.src+=\"#?secret=\"+t,e.setAttribute(\"data-secret\",t)),e.contentWindow.postMessage({message:\"ready\",secret:t},\"*\")},!1)))}(window,document);\n\/\/# sourceURL=https:\/\/www.festivox.fr\/blog\/wp-includes\/js\/wp-embed.min.js\n\/* ]]> *\/\n<\/script>\n","thumbnail_url":"https:\/\/www.festivox.fr\/blog\/wp-content\/uploads\/2023\/07\/jazz-a-foix-une-22e-edition-eclectique.jpg","thumbnail_width":600,"thumbnail_height":339,"description":"l&rsquo;essentiel Des affiches in\u00e9dites et des artistes de renomm\u00e9e internationale seront au rendez-vous du 24 au 29 juillet. L\u2019association cr\u00e9\u00e9e depuis 23 ans va cette ann\u00e9e encore r\u00e9galer les amateurs de bon jazz du lundi 24 au samedi 29 juillet \u00e0 Foix. Et cette ann\u00e9e, le fil conducteur de cette 22e \u00e9dition est l\u2019\u00e9clectisme, avec&hellip;"}

Jazz à Foix : une 22e édition "éclectique" - FESTIVOX

<blockquote class="wp-embedded-content" data-secret="QryhZqJodh"><a href="https://www.festivox.fr/blog/jazz-a-foix-une-22e-edition-eclectique/">Jazz à Foix : une 22e édition « éclectique »</a></blockquote><iframe sandbox="allow-scripts" security="restricted" src="https://www.festivox.fr/blog/jazz-a-foix-une-22e-edition-eclectique/embed/#?secret=QryhZqJodh" width="600" height="338" title="« Jazz à Foix : une 22e édition « éclectique » » &#8212; FESTIVOX" data-secret="QryhZqJodh" frameborder="0" marginwidth="0" marginheight="0" scrolling="no" class="wp-embedded-content"></iframe><script type="text/javascript">
/* <![CDATA[ */
/*! This file is auto-generated */
!function(d,l){"use strict";l.querySelector&&d.addEventListener&&"undefined"!=typeof URL&&(d.wp=d.wp||{},d.wp.receiveEmbedMessage||(d.wp.receiveEmbedMessage=function(e){var t=e.data;if((t||t.secret||t.message||t.value)&&!/[^a-zA-Z0-9]/.test(t.secret)){for(var s,r,n,a=l.querySelectorAll('iframe[data-secret="'+t.secret+'"]'),o=l.querySelectorAll('blockquote[data-secret="'+t.secret+'"]'),c=new RegExp("^https?:$","i"),i=0;i<o.length;i++)o[i].style.display="none";for(i=0;i<a.length;i++)s=a[i],e.source===s.contentWindow&&(s.removeAttribute("style"),"height"===t.message?(1e3<(r=parseInt(t.value,10))?r=1e3:~~r<200&&(r=200),s.height=r):"link"===t.message&&(r=new URL(s.getAttribute("src")),n=new URL(t.value),c.test(n.protocol))&&n.host===r.host&&l.activeElement===s&&(d.top.location.href=t.value))}},d.addEventListener("message",d.wp.receiveEmbedMessage,!1),l.addEventListener("DOMContentLoaded",function(){for(var e,t,s=l.querySelectorAll("iframe.wp-embedded-content"),r=0;r<s.length;r++)(t=(e=s[r]).getAttribute("data-secret"))||(t=Math.random().toString(36).substring(2,12),e.src+="#?secret="+t,e.setAttribute("data-secret",t)),e.contentWindow.postMessage({message:"ready",secret:t},"*")},!1)))}(window,document);
//# sourceURL=https://www.festivox.fr/blog/wp-includes/js/wp-embed.min.js
/* ]]> */
</script>

l&rsquo;essentiel Des affiches inédites et des artistes de renommée internationale seront au rendez-vous du 24 au 29 juillet. L’association créée depuis 23 ans va cette année encore régaler les amateurs de bon jazz du lundi 24 au samedi 29 juillet à Foix. Et cette année, le fil conducteur de cette 22e édition est l’éclectisme, avec&hellip;
