{"version":"1.0","provider_name":"FESTIVOX","provider_url":"https:\/\/www.festivox.fr\/blog","author_name":"Michele","author_url":"https:\/\/www.festivox.fr\/blog\/author\/voxadmin\/","title":"Dafn\u00e9 Kritharas Cosmo Jazz 2023 - FESTIVOX","type":"rich","width":600,"height":338,"html":"<blockquote class=\"wp-embedded-content\" data-secret=\"NzVDdm9Ssx\"><a href=\"https:\/\/www.festivox.fr\/blog\/dafne-kritharas-cosmo-jazz-2023\/\">Dafn\u00e9 Kritharas Cosmo Jazz 2023<\/a><\/blockquote><iframe sandbox=\"allow-scripts\" security=\"restricted\" src=\"https:\/\/www.festivox.fr\/blog\/dafne-kritharas-cosmo-jazz-2023\/embed\/#?secret=NzVDdm9Ssx\" width=\"600\" height=\"338\" title=\"\u00ab\u00a0Dafn\u00e9 Kritharas Cosmo Jazz 2023\u00a0\u00bb &#8212; FESTIVOX\" data-secret=\"NzVDdm9Ssx\" frameborder=\"0\" marginwidth=\"0\" marginheight=\"0\" scrolling=\"no\" class=\"wp-embedded-content\"><\/iframe><script type=\"text\/javascript\">\n\/* <![CDATA[ *\/\n\/*! This file is auto-generated *\/\n!function(d,l){\"use strict\";l.querySelector&&d.addEventListener&&\"undefined\"!=typeof URL&&(d.wp=d.wp||{},d.wp.receiveEmbedMessage||(d.wp.receiveEmbedMessage=function(e){var t=e.data;if((t||t.secret||t.message||t.value)&&!\/[^a-zA-Z0-9]\/.test(t.secret)){for(var s,r,n,a=l.querySelectorAll('iframe[data-secret=\"'+t.secret+'\"]'),o=l.querySelectorAll('blockquote[data-secret=\"'+t.secret+'\"]'),c=new RegExp(\"^https?:$\",\"i\"),i=0;i<o.length;i++)o[i].style.display=\"none\";for(i=0;i<a.length;i++)s=a[i],e.source===s.contentWindow&&(s.removeAttribute(\"style\"),\"height\"===t.message?(1e3<(r=parseInt(t.value,10))?r=1e3:~~r<200&&(r=200),s.height=r):\"link\"===t.message&&(r=new URL(s.getAttribute(\"src\")),n=new URL(t.value),c.test(n.protocol))&&n.host===r.host&&l.activeElement===s&&(d.top.location.href=t.value))}},d.addEventListener(\"message\",d.wp.receiveEmbedMessage,!1),l.addEventListener(\"DOMContentLoaded\",function(){for(var e,t,s=l.querySelectorAll(\"iframe.wp-embedded-content\"),r=0;r<s.length;r++)(t=(e=s[r]).getAttribute(\"data-secret\"))||(t=Math.random().toString(36).substring(2,12),e.src+=\"#?secret=\"+t,e.setAttribute(\"data-secret\",t)),e.contentWindow.postMessage({message:\"ready\",secret:t},\"*\")},!1)))}(window,document);\n\/\/# sourceURL=https:\/\/www.festivox.fr\/blog\/wp-includes\/js\/wp-embed.min.js\n\/* ]]> *\/\n<\/script>\n","thumbnail_url":"https:\/\/www.festivox.fr\/blog\/wp-content\/uploads\/2023\/08\/dafne-kritharas-cosmo-jazz-2023.jpg","thumbnail_width":600,"thumbnail_height":338,"description":"N\u00e9e en Cr\u00e8te d\u2019un p\u00e8re grec et d\u2019une m\u00e8re fran\u00e7aise, Dafn\u00e9 Kritharas porte en elle tous les contrastes du bassin m\u00e9diterran\u00e9en et des Balkans. Sa musique est en cela riche d\u2019influences&nbsp;: grecques bien s\u00fbr mais aussi turques, jud\u00e9o-espagnoles, bosniaques, arm\u00e9niennes\u2026 Un h\u00e9ritage plein de couleurs et de textures que la musicienne r\u00e9hausse de sonorit\u00e9s emprunt\u00e9es&hellip;"}

Dafné Kritharas Cosmo Jazz 2023 - FESTIVOX

<blockquote class="wp-embedded-content" data-secret="NzVDdm9Ssx"><a href="https://www.festivox.fr/blog/dafne-kritharas-cosmo-jazz-2023/">Dafné Kritharas Cosmo Jazz 2023</a></blockquote><iframe sandbox="allow-scripts" security="restricted" src="https://www.festivox.fr/blog/dafne-kritharas-cosmo-jazz-2023/embed/#?secret=NzVDdm9Ssx" width="600" height="338" title="« Dafné Kritharas Cosmo Jazz 2023 » &#8212; FESTIVOX" data-secret="NzVDdm9Ssx" frameborder="0" marginwidth="0" marginheight="0" scrolling="no" class="wp-embedded-content"></iframe><script type="text/javascript">
/* <![CDATA[ */
/*! This file is auto-generated */
!function(d,l){"use strict";l.querySelector&&d.addEventListener&&"undefined"!=typeof URL&&(d.wp=d.wp||{},d.wp.receiveEmbedMessage||(d.wp.receiveEmbedMessage=function(e){var t=e.data;if((t||t.secret||t.message||t.value)&&!/[^a-zA-Z0-9]/.test(t.secret)){for(var s,r,n,a=l.querySelectorAll('iframe[data-secret="'+t.secret+'"]'),o=l.querySelectorAll('blockquote[data-secret="'+t.secret+'"]'),c=new RegExp("^https?:$","i"),i=0;i<o.length;i++)o[i].style.display="none";for(i=0;i<a.length;i++)s=a[i],e.source===s.contentWindow&&(s.removeAttribute("style"),"height"===t.message?(1e3<(r=parseInt(t.value,10))?r=1e3:~~r<200&&(r=200),s.height=r):"link"===t.message&&(r=new URL(s.getAttribute("src")),n=new URL(t.value),c.test(n.protocol))&&n.host===r.host&&l.activeElement===s&&(d.top.location.href=t.value))}},d.addEventListener("message",d.wp.receiveEmbedMessage,!1),l.addEventListener("DOMContentLoaded",function(){for(var e,t,s=l.querySelectorAll("iframe.wp-embedded-content"),r=0;r<s.length;r++)(t=(e=s[r]).getAttribute("data-secret"))||(t=Math.random().toString(36).substring(2,12),e.src+="#?secret="+t,e.setAttribute("data-secret",t)),e.contentWindow.postMessage({message:"ready",secret:t},"*")},!1)))}(window,document);
//# sourceURL=https://www.festivox.fr/blog/wp-includes/js/wp-embed.min.js
/* ]]> */
</script>

Née en Crète d’un père grec et d’une mère française, Dafné Kritharas porte en elle tous les contrastes du bassin méditerranéen et des Balkans. Sa musique est en cela riche d’influences&nbsp;: grecques bien sûr mais aussi turques, judéo-espagnoles, bosniaques, arméniennes… Un héritage plein de couleurs et de textures que la musicienne réhausse de sonorités empruntées&hellip;
